s 40 divide 19315?
False
Is 19299399 a multiple of 62?
False
Is 193 a factor of 18880418?
True
Is 50 a factor of 181100?
True
Is 227 a factor of 1308201?
True
Does 9 divide 135954?
True
Is 367939 a multiple of 83?
True
Is 466 a factor of 295475?
False
Is 7 a factor of 9123409?
False
Does 131 divide 710880?
False
Does 2 divide 37184?
True
Is 176 a factor of 4192144?
True
Does 246 divide 3377088?
True
Is 11 a factor of 32824?
True
Is 1265 a factor of 12113640?
True
Does 5 divide 166156?
False
Is 2624050 a multiple of 130?
True
Is 10303 a multiple of 3?
False
Is 41 a factor of 655689?
False
Does 14 divide 392?
True
Is 46 a factor of 327944?
False
Is 8628 a multiple of 2?
True
Is 3098832 a multiple of 16?
True
Is 6 a factor of 3438468?
True
Is 124928 a multiple of 144?
False
Is 5 a factor of 91753?
False
Is 14429825 a multiple of 92?
False
Is 49 a factor of 225204?
True
Does 38 divide 6213190?
True
Is 342615 a multiple of 330?
False
Is 72 a factor of 90599?
False
Is 13 a factor of 8890401?
True
Is 561775 a multiple of 48?
False
Is 467435 a multiple of 28?
False
Is 451580 a multiple of 337?
True
Does 4 divide 937000?
True
Is 2 a factor of 2716?
True
Is 97 a factor of 27735598?
True
Is 92 a factor of 8856961?
False
Does 27 divide 269449?
False
Is 387 a factor of 4429812?
False
Is 2 a factor of 381720?
True
Does 16 divide 76957?
False
Does 390 divide 10854100?
False
Is 413580 a multiple of 113?
True
Is 3854529 a multiple of 357?
True
Does 379 divide 15070741?
False
Does 2 divide 672737?
False
Does 230 divide 646775?
False
Is 688511 a multiple of 31?
False
Is 3105084 a multiple of 820?
False
Is 10747452 a multiple of 2076?
True
Does 8 divide 143412?
False
Is 58608 a multiple of 264?
True
Is 109630 a multiple of 2?
True
Is 280560 a multiple of 140?
True
Is 13019604 a multiple of 193?
False
Is 80 a factor of 1390240?
True
Does 17 divide 767720?
True
Is 24 a factor of 697406?
False
Does 32 divide 674176?
True
Does 11 divide 113695?
False
Does 13 divide 67522?
True
Is 100 a factor of 37900?
True
Is 14 a factor of 61501?
False
Is 18843 a multiple of 11?
True
Is 1993723 a multiple of 78?
False
Is 96778 a multiple of 11?
True
Is 142139 a multiple of 19?
True
Is 6237 a multiple of 92?
False
Is 432756 a multiple of 66?
False
Does 12 divide 12677094?
False
Is 74 a factor of 170200?
True
Is 706420 a multiple of 130?
True
Does 58 divide 3409992?
False
Is 40166 a multiple of 7?
True
Does 7 divide 2986?
False
Does 56 divide 246232?
True
Is 6486266 a multiple of 130?
False
Is 204884 a multiple of 131?
True
Is 279235 a multiple of 15?
False
Does 148 divide 135568?
True
Does 282 divide 79780?
False
Is 181069 a multiple of 616?
False
Is 60249 a multiple of 7?
True
Is 1723227 a multiple of 13?
False
Does 301 divide 30178?
False
Is 234848 a multiple of 7?
False
Is 67336 a multiple of 19?
True
Is 6437691 a multiple of 27?
True
Does 8 divide 9872?
True
Is 46 a factor of 506874?
True
Does 31 divide 20381?
False
Does 58 divide 106535?
False
Is 27 a factor of 1241352?
True
Is 10 a factor of 9118160?
True
Does 215 divide 44633?
False
Is 2586177 a multiple of 151?
True
Does 18 divide 51012?
True
Is 3 a factor of 126135?
True
Is 756483 a multiple of 13?
True
Is 668 a factor of 4927168?
True
Is 1965 a factor of 1456065?
True
Is 38 a factor of 476710?
True
Is 5860 a multiple of 5?
True
Is 609550 a multiple of 25?
True
Does 1888 divide 12854039?
False
Does 331 divide 3558250?
True
Is 2 a factor of 262847?
False
Does 42 divide 19992?
True
Is 21 a factor of 9597?
True
Does 79 divide 68019?
True
Does 5 divide 895024?
False
Does 5 divide 357122?
False
Is 208835 a multiple of 11?
True
Is 2978592 a multiple of 304?
True
Does 14 divide 7464058?
True
Does 27 divide 5589?
True
Does 302 divide 13826?
False
Is 647984 a multiple of 250?
False
Is 272700 a multiple of 540?
True
Does 130 divide 1250271?
False
Does 139 divide 532926?
True
Is 15 a factor of 375172?
False
Is 5317392 a multiple of 12?
True
Does 188 divide 109040?
True
Does 12 divide 442776?
True
Is 80444 a multiple of 182?
True
Is 5081 a multiple of 13?
False
Does 72 divide 2731896?
True
Does 814 divide 89540?
True
Does 16 divide 662216?
False
Is 68096 a multiple of 76?
True
Does 5 divide 317504?
False
Is 1405 a factor of 3929412?
False
Is 10345 a multiple of 5?
True
Is 244244 a multiple of 44?
True
Does 82 divide 715778?
True
Is 1170 a factor of 7089264?
False
Is 2 a factor of 108060?
True
Is 352517 a multiple of 73?
True
Does 38 divide 452496?
False
Is 166482 a multiple of 27?
True
Is 116614 a multiple of 59?
False
Is 224 a factor of 2501856?
True
Is 61 a factor of 165670?
False
Does 303 divide 2986974?
True
Is 319067 a multiple of 2?
False
Is 189 a factor of 1001889?
True
Does 411 divide 795285?
True
Is 14225149 a multiple of 183?
False
Does 574 divide 2319534?
True
Does 4 divide 5800?
True
Is 38 a factor of 6258790?
True
Is 23547 a multiple of 3?
True
Does 15 divide 43087?
False
Does 32 divide 175596?
False
Does 60 divide 1626041?
False
Does 247 divide 274911?
True
Is 473850 a multiple of 26?
True
Is 2 a factor of 50443?
False
Is 6 a factor of 164274?
True
Does 17 divide 1147120?
False
Is 404917 a multiple of 59?
True
Does 389 divide 11690177?
False
Is 3166020 a multiple of 429?
True
Does 28 divide 26068?
True
Is 45 a factor of 208575?
True
Is 4906282 a multiple of 277?
False
Is 80 a factor of 19341340?
False
Is 53 a factor of 27702?
False
Does 112 divide 541569?
False
Is 62 a factor of 3150188?
False
Is 24175073 a multiple of 157?
False
Does 11 divide 36938753?
False
Is 15 a factor of 117008?
False
Is 7750400 a multiple of 32?
True
Is 417930 a multiple of 15?
True
Is 36 a factor of 840312?
True
Is 265832 a multiple of 101?
True
Is 1038926 a multiple of 14?
True
Is 130 a factor of 782730?
True
Is 7 a factor of 702017?
False
Is 4469817 a multiple of 13?
False
Does 666 divide 3979350?
True
Does 10 divide 211220?
True
Does 192 divide 151708?
False
Does 11 divide 562991?
True
Does 228 divide 745431?
False
Is 7616923 a multiple of 7?
False
Does 5 divide 224954?
False
Is 14 a factor of 3383861?
False
Is 95819 a multiple of 109?
False
Is 452 a factor of 3743916?
True
Is 226699 a multiple of 39?
False
Does 508 divide 3770697?
False
Is 18 a factor of 13228884?
True
Does 36 divide 677124?
True
Is 78 a factor of 993018?
True
Does 2 divide 142255?
False
Is 36 a factor of 50882?
False
Does 32 divide 2719053?
False
Does 1241 divide 3879604?
False
Is 194582 a multiple of 59?
True
Is 218300 a multiple of 90?
False
Does 134 divide 3092452?
True
Is 5879181 a multiple of 34?
False
Is 81 a factor of 8599122?
True
Does 602 divide 3981628?
True
Does 58 divide 2678432?
False
Is 781070 a multiple of 663?
False
Is 34 a factor of 3107906?
True
Does 25 divide 181338?
False
Is 154 a factor of 555886?
False
Is 47374 a multiple of 8?
False
Is 44 a factor of 92356?
True
Does 151 divide 206393?
False
Does 953 divide 3688110?
True
Does 17 divide 3920659?
True
Is 18 a factor of 828270?
True
Does 132 divide 177540?
True
Is 37 a factor of 3125353?
True
Is 520234 a multiple of 374?
True
Is 8 a factor of 86592?
True
Is 38 a factor of 15626337?
False
Is 15 a factor of 263850?
True
Is 2102 a factor of 21416027?
False
Does 658 divide 5102132?
True
Does 29 divide 1157355?
False
Is 10382344 a multiple of 183?
False
Is 25 a factor of 84200?
True
Is 6 a factor of 391546?
False
Is 332488 a multiple of 100?
False
Does 4 divide 300956?
True
Does 7 divide 284751?
False
Does 89 divide 725059?
False
Is 185 a factor of 34503?
False
Is 2 a factor of 13932?
True
Is 23 a factor of 1715386?
True
Does 16 divide 237463?
False
Is 3471329 a multiple of 29?
True
Does 2108 divide 15159279?
False
Is 186199 a multiple of 9?
False
Is 30 a factor of 164482?
False
Is 165 a factor of 683925?
True
Does 163 divide 3821726?
False
Does 1079 divide 364702?
True
Does 50 divide 4482036?
False
Does 34 divide 1174598?
True
Is 4 a factor of 148650?
False
Does 22 divide 84546?
True
Does 7 divide 2301299?
True
Does 109 divide 148685?
False
Is 14 a factor of 535794?
True
Is 4744698 a multiple of 1038?
True
Is 28 a factor of 925587?
False
Does 9 divide 108052?
False
Is 168 a factor of 404712?
True
Is 8 a factor of 75479?
False
Does 5 divide 153125?
True
Is 20 a factor of 173740?
True
Is 27 a factor of 132